be z(-6). What is the greatest common divisor of c and 1230?
30
Let k be 1/(-3) - (-294)/126. Suppose 2*u - 2*y - 43 = -3, k*u + 4*y - 46 = 0. Calculate the greatest common divisor of u and 126.
21
Suppose 3*l = 7*l - a + 650, -5*l - a - 817 = 0. Let r = -111 - l. What is the highest common factor of r and 78?
26
Let c = -344 + 333. Let t be (-6 - c) + -1 + 28. What is the greatest common factor of 544 and t?
32
Let j be -2 + (17 - 9 - 14)/(3/(-4)). Calculate the greatest common factor of 20 and j.
2
Let k(p) = -5*p - 1 + 2*p + 4*p + 0*p + 85. Let o be k(-33). Calculate the highest common factor of 136 and o.
17
Let s(c) = c**3 + 11*c**2 - 39*c + 5. Let u be s(5). Calculate the greatest common divisor of 16275 and u.
105
Let l(i) = 4*i**2 - 5*i + 5. Let y be l(1). Suppose -206 = -y*t + 690. What is the greatest common divisor of 28 and t?
28
Let i be (-4)/8 - (-182)/4. Let r be (((-4032)/98)/(-8))/((2/7)/1). Calculate the greatest common divisor of r and i.
9
Let f = 236 + -234. Suppose -5*h - 62 = -f*u, -u = 2*h - 28 - 3. Calculate the greatest common factor of u and 248.
31
Let w be 229 - (0 - (0 - -8 - 5)). Calculate the greatest common divisor of 580 and w.
116
Let l = 3419 + -3319. Calculate the highest common factor of 1925 and l.
25
Let h be 4316/65 + (4/(-10))/1. Let d = 74 - h. Suppose -q = 4*j - 123, -107 = -4*j + 5*q + 46. What is the highest common factor of j and d?
8
Suppose 3*v - 24 = 3. Let a be (-33)/(1*v/(-6)). Let d(g) = 3*g**2 - 28*g + 102. Let h be d(12). What is the highest common factor of a and h?
22
Let m = 420 - 204. Suppose 82*x + 276 = 10*x + 10644. What is the highest common divisor of x and m?
72
Let q = -9722 - -9754. Let l be 0/(-2) - (1 + -303). Let r = 558 - l. Calculate the highest common factor of q and r.
32
Let l(x) be the third derivative of 4*x**2 + 0*x - 1/24*x**4 + 85/3*x**3 + 0. Let w be l(0). Calculate the highest common factor of 17 and w.
17
Suppose 5*v - 5 = 5*a, 9 = -2*v - 4*a + 17. Suppose -3*z + 209 + 89 = v*w, -389 = -4*z - w. What is the greatest common factor of z and 64?
32
Suppose -5*m + 111 = -2*n - 126, -5 = 5*n. Let w be 10/(10/m) - 6. Calculate the highest common divisor of w and 123.
41
Suppose -275*o + 142*o + 1729 = 0. Calculate the highest common factor of o and 8463.
13
Let t = -322 + 113. Let a = 251 + t. Calculate the highest common factor of 12 and a.
6
Let b be 11/55 - (-2 + 13992/(-40)). Calculate the greatest common factor of b and 44.
44
Let n be 48/(-8) + -48*9/(-6). Let s = -8 + 20. Let w = s - 6. What is the highest common divisor of n and w?
6
Let p = -17764 + 18289. What is the highest common factor of p and 11760?
105
Suppose 0 = 26*d - 2 + 2. Suppose -48 + d = -g. Suppose -8 = -2*b + 4. Calculate the highest common factor of g and b.
6
Let g(l) = l**3 + 20*l**2 - 64*l + 128. Let x be g(-23). Suppose b = -1 - 1. Let u be b*(858/4)/(-3). What is the greatest common factor of u and x?
13
Let t be ((-120)/(-84))/(12/14) + 149810/6. Calculate the highest common divisor of t and 110.
110
Let n = -53 + 64. Suppose 12*s - n*s - 4 = 0. Suppose 0 = 5*k - 2*a - 138, s*k - 2*a - 110 = -0*a. What is the highest common factor of k and 308?
28
Let w(j) = 3*j**2 - 19*j - 510. Let z be w(-24). What is the highest common factor of z and 108?
54
Suppose -4*j + 132 = -j. Suppose -3*y = 417*h - 422*h - 853, 0 = -y + h + 285. What is the highest common factor of y and j?
22
Let r be 5/(1 - 3 - -3). Suppose -2*i + 11*i + 4*i = 0. Suppose i = -36*h + 3*h + 165. What is the greatest common divisor of h and r?
5
Let b be (-4)/21*(2 - (-40)/16)*-17297. What is the highest common divisor of b and 42?
42
Let i(f) = -438*f - 194. Let z be i(11). Let o be z/(-168) - 2/(-12). Calculate the highest common divisor of 255 and o.
15
Suppose k - 19 = -b - 0*b, -k = 2*b - 23. Let a be 1 + (-458)/(-2) + (-2 - 5 - -2). Calculate the greatest common divisor of a and k.
15
Let p be 2132 + (2/(-10) - (99/55)/(-9)). Calculate the greatest common factor of p and 820.
164
Let g(p) = -5*p**3 - p**2 - p + 2. Let z be g(-2). Let c be 584/11 + (-1)/11. Suppose -c*s + 450 = -38*s. What is the greatest common divisor of s and z?
10
Suppose 4*r - w - 9 = 0, 2*r = -r + w + 7. Suppose 102 = 3*h - 0*a - r*a, -5*h - 4*a + 148 = 0. Calculate the greatest common factor of 8 and h.
8
Suppose 228 = 4*b - 5*m, 46 = b + 5*m - 9*m. Let q = 184 - -126. What is the greatest common divisor of b and q?
62
Suppose 0 = -2*t + 244 - 20. Let c = 928 - 923. Suppose -c*d + 75 = 5*v, 0 = 4*d - 3*v + 6 - 73. What is the greatest common divisor of t and d?
16
Let b = 88 + -61. Let w = -357921 + 358029. Calculate the greatest common factor of b and w.
27
Let u be (-12)/20 + 26/10. Let k be -43*(-1 - (4 + -1)) - u. Calculate the highest common factor of k and 68.
34
Let d be 0/(-1) - ((-244 - 10) + -10). Suppose -d = 114*p - 120*p. What is the highest common divisor of 264 and p?
44
Suppose 8*c + 5454 = 26*c. Let u = c + -276. Calculate the greatest common divisor of 72 and u.
9
Let y = -40 + 88. Let t = -244 + 460. What is the greatest common factor of y and t?
24
Suppose -2*v - 2 = 0, -2*v - 618 = -3*l + l. Suppose 10*b - l = -b. What is the highest common divisor of 42 and b?
14
Let k = 933 - 273. Let r = 135 - 75. Calculate the highest common factor of k and r.
60
Let o(a) = a**3 - 2*a**2 + 2*a + 3. Let d be o(3). Let y = -13100 + 13136. What is the greatest common divisor of d and y?
18
Let o(i) = -9*i**3 - 370*i**2 - 46*i - 90. Let l be o(-41). Calculate the greatest common factor of l and 161.
23
Let b = -346 - -458. Suppose 109*x = b*x - 102. What is the highest common factor of 374 and x?
34
Let i(y) = 86*y**2 + 2291*y - 15. Let w be i(-28). Calculate the highest common factor of w and 3.
3
Let l(f) = 21*f + 115. Let v be l(8). Let a = 521 - v. Calculate the greatest common divisor of a and 68.
34
Suppose -7*i + 31 - 3 = 0. Suppose -83 + 13 = -2*t - 4*m, -3*t + i*m = -65. Let a be 2 + (3 - 2)*1. Calculate the highest common factor of t and a.
3
Let s = 23032 - 21317. Calculate the highest common factor of s and 595.
35
Suppose -5*z - 345 = -z + 3*n, -5*n = z + 99. Let d = z + 126. What is the highest common factor of d and 378?
42
Suppose m - 51 = 2*r - r, -5*m - 145 = 3*r. Let c = -1482 - -1403. Let h = r - c. Calculate the greatest common factor of 290 and h.
29
Suppose -2*k - 3*w = -73, 3*k = -3*w + 72 + 45. Calculate the greatest common divisor of k and 198.
22
Let c(z) = 63*z + 6800. Let a be c(-102). What is the highest common divisor of 11033 and a?
187
Let t = -17853 + 21425. What is the highest common divisor of 282 and t?
94
Let a = 12 + 29. Let y = 158 - 94. Let t = y + a. Calculate the highest common factor of 42 and t.
21
Let m(f) = f**2 + 20*f + 64. Let g be m(-11). Let b be (7/g)/(2/(-10)). Let s = -47 - -66. Calculate the greatest common divisor of s and b.
1
Let j = 55 - 52. Suppose -x - g + j = -5, -5*g = -x + 8. What is the highest common factor of 56 and x?
8
Suppose -w - 143 = 2*j - 2015, -1904 = -2*j + 3*w. Calculate the greatest common divisor of 380 and j.
20
Suppose -97*v + 11050 = -47*v. What is the greatest common factor of 52 and v?
13
Let x(f) be the second derivative of -37*f**3/6 - 173*f**2/2 - 65*f. Let g be x(-9). Calculate the highest common divisor of 240 and g.
80
Let j(d) = 46*d - 141. Let a be j(3). Let x be ((-162)/45)/(a/75). What is the highest common factor of 75 and x?
15
Suppose 173*k + 25922 = 475*k + 9010. Calculate the greatest common factor of 7168 and k.
56
Let y(b) = 9*b**3 + b**2 + b. Let k be y(3). Suppose -54*a - 7274 + 15520 = 7436. What is the greatest common factor of a and k?
15
Suppose -110*y + 200*y = 98*y - 384. Calculate the greatest common divisor of y and 438.
6
Let s be 1/(3/(-3))*3. Let g be s/(-8) + 157/8. Let n(b) = -20*b. Let o be n(-8). Calculate the highest common factor of g and o.
20
Let y = 11726 - 10422. Calculate the highest common factor of y and 8.
8
Let q = -7164 + 8092. What is the highest common divisor of q and 261?
29
Let c = 4137 + -2803. What is the greatest common factor of 58 and c?
58
Suppose -107*y + 110*y = 5*r + 1083, 4*y - 1460 = 4*r. What is the greatest common factor of y and 70?
7
Let c = -30 - -35. Suppose -5*a + 190 = c*j, 0*a + 3*a - 1